0) - 2 - 0?
18
(14 - 33 - -23) + -13
-9
Calculate (-6 - (-12 - (-3 + -2)) - 2) + 3.
2
69 - (-10 - -38) - 26
15
What is (2 - (25 - 56)) + -12?
21
What is the value of (12 - (19 + -10)) + (-9 - -26)?
20
What is the value of -5 + 18 - -17 - 43?
-13
Calculate 8 + (-18 - -4 - -8) - -7.
9
What is the value of 30 + -16 - (0 + 11 + -3)?
6
What is -3 - (-2 + 4) - (-96 - -103)?
-12
(-52 - -64) + (1 + 0 - 2)
11
-6 - -1 - (-610 + 587)
18
Evaluate -6 - -35 - ((1 - -9) + 3).
16
Evaluate 1 + 0 - ((14 - 28 - 9) + 19).
5
Calculate -21 + (-21 - (15 - 70)).
13
(-2 - (0 + -16)) + 81 + -41 + -40
14
Evaluate -59 - (-23 - 16) - 20.
-40
Evaluate (-42 - -11 - 5) + 25.
-11
79 + -92 + (-5 - -39)
21
What is the value of -18 + (2 - 8) + 26?
2
What is 6 - 17 - 20 - -23?
-8
Calculate (-12 - (-30 + 21)) + (0 - -8).
5
Evaluate 21 - (20 - (16 + -16)).
1
Evaluate -18 - -19 - (26 - 13).
-12
(-7 - -8) + (24 - (-8 + 4 + 4))
25
Calculate (10 - (-4 - (9 + -15))) + 0 + 16.
24
(15 - (16 - -1)) + 8
6
What is 0 - -9 - (-33 + 34)?
8
What is the value of -10 + -18 + 12 + (29 - 7)?
6
-5 + -1 + (47 - 46)
-5
What is 5 + 2 + -2 + 1 - (27 + -24)?
3
What is the value of 85 - 97 - (3 + (2 - 4))?
-13
What is the value of 3 - (-19 + (-11 - -39))?
-6
-1 - (-21 + 5 + 2 + 1)
12
Calculate -6 + -9 + (-72 - -75).
-12
Evaluate 2 + (0 - 0) - (-7 - (-6 - 5)).
-2
What is the value of (4 - 26) + (23 - 13)?
-12
Evaluate -18 - (2 + -16 + 7).
-11
What is 11 + -8 + 1 - (-1 - 2 - -6)?
1
What is 714 - 708 - (-2 - (1 - -7))?
16
What is (-14 - 1) + 497 + -450?
32
What is the value of 12 + (3 + -7 - 1) - 15?
-8
What is -25 - ((11 - -8) + -39)?
-5
Evaluate 0 - (18 + -17) - (15 + (0 - 0)).
-16
Evaluate (-10 + 9 - (-13 - 1)) + 7.
20
-7 + (8 - (8 - -5)) + (1 - -1)
-10
Calculate 13 + -23 - 14 - -10.
-14
What is the value of 3 + (-11 - -4) + -1 - (-15 + 18)?
-8
Evaluate 17 + (18 - 3 - 25).
7
What is (-13 - (-15 - -1)) + -12?
-11
What is the value of 10 + -6 + -10 + 3 + (-1 - 0)?
-4
-11 - (2 - (6 - 0) - -2 - -3)
-12
Evaluate 0 + -6 + (-7 - (-26 + 9)) - 9.
-5
-7 - ((13 + 6 - 11) + -7)
-8
Evaluate (-13 - 6 - -46) + -13 - -17.
31
Evaluate 30 + (-11 - 2) - 17.
0
1 - 3 - (-42 + 33) - (2 + 18)
-13
Calculate 16 + -5 + (1 - -14 - 15).
11
Evaluate 6 + -1 - (-2 + 0 + 49 + -50).
8
12 - (12 + -9 + 1)
8
What is (1 - 0) + 27 + -2 + 29 + -37?
18
Calculate 9 + -2 + 17 - 2 - 9.
13
-4 + -6 - (-195 - -213)
-28
What is -26 - (16 - (-9 + 81))?
30
What is -14 + 38 + -25 + -8?
-9
Evaluate -12 + 39 + -7 + -4 - 10.
6
Calculate (-1 - 1) + 10 + (-14 - 0) - -8.
2
What is the value of -24 - (14 + -14 - 35)?
11
What is the value of (8 + -8 + 1 - 24) + 9 - 7?
-21
What is the value of -3 - (-2 + -1 + 0 + -15 + 24)?
-9
What is the value of 2 + 4 + -2 + 23 + -6?
21
Calculate 9 + (11 - 27) - 23.
-30
Evaluate 8 + -13 + (8 - -5).
8
What is the value of -14 + 7 + -3 + (-5 - -1)?
-14
What is -7 + (9 - 3) + -4?
-5
What is the value of -12 + 2 + 13 + -17?
-14
Evaluate -5 + 0 + (0 - -3) + (76 - 70).
4
Evaluate -23 - (-11 - (-4 + 22)).
6
Evaluate -9 - (-8 + -14) - 17.
-4
What is the value of 14 + -2 + -2 - (15 + -16 + 7)?
4
Evaluate -25 + -3 - (235 - 240).
-23
What is the value of -3 + (4 - (27 - 14) - (3 - -8))?
-23
What is -7 + -20 + 12 + 19?
4
Evaluate -5 + (7 + -1 - (-13 - -15)).
-1
What is -6 + (-1 - (-1 - 13)) - 4?
3
What is -29 + -10 + (-1 + 16 - -6)?
-18
Calculate 3 + -3 + (27 - 31) + -7.
-11
Evaluate -36 + 34 - (0 + -1 - 1).
0
Evaluate 12 + -37 + 5 + -19 + (1 - -11).
-27
2 - (7 + -7 - 2) - 3
1
Evaluate 3 - (6 - (-8 - ((-1 - -6) + 1))).
-17
18 + (-21 - (1 + -5))
1
What is the value of (0 - 15 - -1) + (17 - (-4 + 19))?
-12
Evaluate 2 + -6 + (16 - (-5 + 7)).
10
What is the value of 12 - (32 - 21 - (1 + (-6 - -3)))?
-1
Calculate -7 + 6 - -23 - (12 + (-5 - 1)).
16
What is the value of (16 - 2) + (46 - 75)?
-15
Calculate 111 + -134 + (3 - 3) + 12.
-11
Calculate 3 + -4 + 13 + 3 - (1 - 5).
19
Evaluate 6 + 6 + 175 + -160.
27
What is the value of 8 + 0 + -3 + -11 + 25?
19
What is the value of (-19 - (6 + -34)) + 10?
19
What is 64 + (27 - 47) - 58?
-14
What is the value of -71 + 55 - (0 + -2 + 1) - -3?
-12
What is (1 + 7 - (12 - 5)) + -4 + -3?
-6
-13 - ((-15 - 19) + (-1 - 5))
27
What is the value of 0 - (22 + -16 - (2 - -3))?
-1
What is the value of 6 + -15 + 4 + 2 + 18 + -32?
-17
18 + (-18 + -2 - 9)
-11
What is -3 - 24 - (-9 + -4) - (-2 - 4)?
-8
What is -3 + 20 - (5 + 4)?
8
Calculate (-1 - -7) + 10 - 18.
-2
Evaluate -14 + (-2 - (13 + -11)) + (6 - 1).
-13
Evaluate 27 + -13 + -15 - 6.
-7
Evaluate (9 + -9 + -3 - -7) + 9.
13
Calculate -10 + (-2 - (21 + -6)) + -5.
-32
Evaluate (-2 + (8 - 5) - (0 + 3)) + 2.
0
7 - 25 - (-17 + -11)
10
What is the value of -14 + (10 - 6 - -3 - 9) + 8?
-8
What is the value of (-1 - -9) + (13 + -11 - 1)?
9
Evaluate 3 + -13 - (11 + -10).
-11
Evaluate 14 - (-80 + 24) - 39.
31
What is -3 - (-2 - (6 - 6) - (0 - 4))?
-5
Calculate 11 + (-15 - -11) - 12.
-5
Evaluate -3 - (2 + 5 + (-55 - -55)).
-10
Calculate 13 + (-28 - 3) + 13.
-5
Evaluate 6 + -1 - 1 - (-272 - -292).
-16
What is (10 - -6) + 11 + -29?
-2
What is the value of 1689 - 1654 - (0 - (-9 - (1 + -1)))?
26
Evaluate -6 + 37 + -25 + -6 + (-15 - 0).
-15
What is (-7 - (-4 + -9) - -1) + (-2 - -8)?
13
Evaluate -9 + 16 + -2 + 2.
7
Calculate 7 + -15 + -8 + 12.
-4
What is the value of (-2 - (16 - (15 + -8)) - -6) + 8?
3
Calculate (-17 - (23 - 48)) + (6 - 1).
13
Evaluate -3 + 7 + 0 - (4 - 5 - -6).
-1
What is the value of (73 - 76) + (-1 - -16) - (12 + -9)?
9
What is 2 + -2 + (-3 - -11) + (4 - 7)?
5
What is the value of -50 - -57 - (-1 - 0 - -19 - -3)?
-14
Calculate -61 + -28 + 41 + 27.
-21
1 - -6 - (-149 + 186) - -13
-17
What is 4 + (3 - 67) + 42?
-18
-42 + 2 - (-884 - -844)
0
Calculate (6 - (-3 - (-1 + -2))) + (-235 - -230).
1
(91 - -27) + -103 - (-2 + (2 - 1))
16
What is 4 + -18 + (19 - 12)?
-7
Evaluate -160 - -123 - (-16 - -2).
-23
Calculate -179 + 183 + 0 + 7.
11
What is 23 + 20 + (19 - 50)?
12
10 - 7 - (-2 - ((2 - 3) + -2))
2
Evaluate (-340 - -329) + -4 + (-3 - -3 - -10).
-5
-19 + 2 - (9 + -31)
5
What is the value of -10 + 7 + 11 + -10 + -12?
-14
Calculate (-53 - (-26 + 3)) + 23.
-7
Evaluate -29 - -9 - (-2 + -2).
-16
Calculate 20 - 12 - (-1 - (4 + 0 - 1)).
12
What is 5 - (0 - (4 - -6 - -1)) - 2?
14
Evaluate -10 + 15 + -7 - 11.
-13
What is -2 - 0 - (0 - -1) - (89 + -101)?
9
What is 19 - (-2 - 12 - (-301 + 283))?
15
What is the value of -16 + -7 + -5 + 15?
-13
What is 2 + -8 + -2 - (104 - 122)?
10
Evaluate -17 + 17 + -15 - -20.
5
Evaluate (10 - (7 + -2)) + (-4 - -6) - 4.
3
Evaluate -44 + (10 - (-23 + -9 + 28)).
-30
Calculate -74 - -104 - (-2 + 16).
16
What is (-15 - 13) + -2 + 14?
-16
Evaluate 27 - (47 + -36) - -8.
24
Evaluate 3 + 2 + (8 - (11 + (9 - 20))).
13
Evaluate -1 - -5 - (-1 - (15 + (-4 - 2))).
14
0 - 16 - -4 - (5 + -4 + -3)
-10
What is 0 + 3 - (-8 - -2 - -17) - -7?
-1
(1 + 4 - (-13 + 7)) + 0
11
Evaluate 1 + -5 - (20 - (9 - -11)) - 7.
-11
Calculate 0 + -3 + -1 + -8 + (9 - -10).
7
(-15 - (1 + -10)) + 7 + -8 + 16
9
Evaluate 22 - (16 - -34) - -37.
9
Calculate 20 + -34 + (4 - -16).
6
18 + 22 + -10 + -57
-27
Calculate 30 - (-26 + -14) - 33.
37
19 - (-10 + 21 + -6 - -26)
-12
What is the value of 1 + 4 + (-11 - -16 - 10)?
0
Evaluate 9 - (8 - 66 - -43 - (1 - -10)).
35
What is (-161 - -155) + (-1 + 1 - -2)?
-4
Calculate -9 - (7 - ((6 + 3 - 3) + 2)).
-8
Calculate 11 + -2 + 2 + -2 + 2 + -6.
5
Calculate 1 + 4 + 0 - (11 - 23 - -19).
-2
Evaluate 1 + 3 - ((11 - -11) + -38).
20
What is the value of (-9 + 14 - (1 + 4)) + -1 + -21?
-22
What is 7 + (-5 - (-5 + (-14 - -3)))?
18
Calculate 7 - (-15 - (5 - 13)).
14
What is -30 - -1 - (-785 - -770)?
-14
24 + -47 + 16 + 34
27
What is the value of ((-2 - 3) + 6 - 1) + 4?
4
What is -17 + 1 + 17 + (-1 - 0) + 3?
3
14 - 1 - (-6 - 0 - (11 + -19))
11
Calculate (-18 - 2) + 109 + -107.
-18
Calculate (13 - (13 - -9)) + 9.
0
3 - (37 - 45 - (-18 + 0))
-7
Evaluate -12 - (2 + 14 + -29).
1
Evaluate 5 - -11 - (9 + 3).
4
Evaluate -2 + 2 + (3 - (6 - 10)) + -9.
-2
What is -3 - (25 + -19 - (6 - 0 - 7))?
-10
Evaluate 6 - (6 - 2 - (14 + -14 - 16)).
-14
-12 + (-4 - -34) + -35
-17
Evaluate -2 + -15 - (7 + -27).
3
9 + -2 - ((-16 - -16) + (0 - -4))
3
5 + -24 + 21 - (-7 + (0 - -1))
8
Calculate -4 - (0 - -1 - (0 - (-4 - -1))).
-2
Evaluate 21 - (4 - ((-7 - -2) + 3)) - 3.
12
-7 + 1 - (-5 - (-